{"id":247,"date":"2023-10-03T17:50:04","date_gmt":"2023-10-03T15:50:04","guid":{"rendered":"http:\/\/centredesfeuillesvives.fr\/?page_id=247"},"modified":"2023-10-09T13:42:49","modified_gmt":"2023-10-09T11:42:49","slug":"la-moyenne-section","status":"publish","type":"page","link":"https:\/\/centredesfeuillesvives.fr\/index.php\/la-moyenne-section\/","title":{"rendered":"La moyenne section de maternelle"},"content":{"rendered":"\n<h1 class=\"wp-block-heading\"><mark style=\"background-color:rgba(0, 0, 0, 0)\" class=\"has-inline-color has-raft-accent-color\">CYCLE 1<\/mark>      <\/h1>\n\n\n\n<p>\u00c0 4 ans, votre enfant est d\u00e9j\u00e0 un habitu\u00e9 de l\u2019\u00e9cole maternelle ! La moyenne section est souvent l&#8217;ann\u00e9e des premi\u00e8res vraies amiti\u00e9s. Et bien s\u00fbr de l&#8217;acquisition de nouvelles comp\u00e9tences.<\/p>\n\n\n\n<figure class=\"wp-block-image size-large is-resized\"><img loading=\"lazy\" decoding=\"async\" src=\"http:\/\/centredesfeuillesvives.fr\/wp-content\/uploads\/2023\/10\/classe-MS-2-1024x768.jpg\" alt=\"\" class=\"wp-image-314\" style=\"width:740px;height:555px\" width=\"740\" height=\"555\" srcset=\"https:\/\/centredesfeuillesvives.fr\/wp-content\/uploads\/2023\/10\/classe-MS-2-1024x768.jpg 1024w, https:\/\/centredesfeuillesvives.fr\/wp-content\/uploads\/2023\/10\/classe-MS-2-300x225.jpg 300w, https:\/\/centredesfeuillesvives.fr\/wp-content\/uploads\/2023\/10\/classe-MS-2-768x576.jpg 768w, https:\/\/centredesfeuillesvives.fr\/wp-content\/uploads\/2023\/10\/classe-MS-2-1536x1152.jpg 1536w, https:\/\/centredesfeuillesvives.fr\/wp-content\/uploads\/2023\/10\/classe-MS-2-2048x1536.jpg 2048w, https:\/\/centredesfeuillesvives.fr\/wp-content\/uploads\/2023\/10\/classe-MS-2-320x240.jpg 320w, https:\/\/centredesfeuillesvives.fr\/wp-content\/uploads\/2023\/10\/classe-MS-2-480x360.jpg 480w, https:\/\/centredesfeuillesvives.fr\/wp-content\/uploads\/2023\/10\/classe-MS-2-800x600.jpg 800w\" sizes=\"auto, (max-width: 740px) 100vw, 740px\" \/><\/figure>\n\n\n\n<p><\/p>\n\n\n\n<figure class=\"wp-block-gallery has-nested-images columns-default is-cropped wp-block-gallery-1 is-layout-flex wp-block-gallery-is-layout-flex\">\n<figure class=\"wp-block-image size-large\"><img loading=\"lazy\" decoding=\"async\" width=\"1024\" height=\"568\" data-id=\"530\" src=\"http:\/\/centredesfeuillesvives.fr\/wp-content\/uploads\/2023\/10\/IMG-20230401-WA0001-1024x568.jpg\" alt=\"\" class=\"wp-image-530\" srcset=\"https:\/\/centredesfeuillesvives.fr\/wp-content\/uploads\/2023\/10\/IMG-20230401-WA0001-1024x568.jpg 1024w, https:\/\/centredesfeuillesvives.fr\/wp-content\/uploads\/2023\/10\/IMG-20230401-WA0001-300x166.jpg 300w, https:\/\/centredesfeuillesvives.fr\/wp-content\/uploads\/2023\/10\/IMG-20230401-WA0001-768x426.jpg 768w, https:\/\/centredesfeuillesvives.fr\/wp-content\/uploads\/2023\/10\/IMG-20230401-WA0001-1536x852.jpg 1536w, https:\/\/centredesfeuillesvives.fr\/wp-content\/uploads\/2023\/10\/IMG-20230401-WA0001-320x177.jpg 320w, https:\/\/centredesfeuillesvives.fr\/wp-content\/uploads\/2023\/10\/IMG-20230401-WA0001-480x266.jpg 480w, https:\/\/centredesfeuillesvives.fr\/wp-content\/uploads\/2023\/10\/IMG-20230401-WA0001-800x444.jpg 800w, https:\/\/centredesfeuillesvives.fr\/wp-content\/uploads\/2023\/10\/IMG-20230401-WA0001.jpg 1600w\" sizes=\"auto, (max-width: 1024px) 100vw, 1024px\" \/><\/figure>\n\n\n\n<figure class=\"wp-block-image size-large\"><img loading=\"lazy\" decoding=\"async\" width=\"768\" height=\"1024\" data-id=\"531\" src=\"http:\/\/centredesfeuillesvives.fr\/wp-content\/uploads\/2023\/10\/IMG-20230401-WA0002-768x1024.jpg\" alt=\"\" class=\"wp-image-531\" srcset=\"https:\/\/centredesfeuillesvives.fr\/wp-content\/uploads\/2023\/10\/IMG-20230401-WA0002-768x1024.jpg 768w, https:\/\/centredesfeuillesvives.fr\/wp-content\/uploads\/2023\/10\/IMG-20230401-WA0002-225x300.jpg 225w, https:\/\/centredesfeuillesvives.fr\/wp-content\/uploads\/2023\/10\/IMG-20230401-WA0002-1152x1536.jpg 1152w, https:\/\/centredesfeuillesvives.fr\/wp-content\/uploads\/2023\/10\/IMG-20230401-WA0002-320x427.jpg 320w, https:\/\/centredesfeuillesvives.fr\/wp-content\/uploads\/2023\/10\/IMG-20230401-WA0002-480x640.jpg 480w, https:\/\/centredesfeuillesvives.fr\/wp-content\/uploads\/2023\/10\/IMG-20230401-WA0002-800x1067.jpg 800w, https:\/\/centredesfeuillesvives.fr\/wp-content\/uploads\/2023\/10\/IMG-20230401-WA0002.jpg 1200w\" sizes=\"auto, (max-width: 768px) 100vw, 768px\" \/><\/figure>\n\n\n\n<figure class=\"wp-block-image size-large\"><img loading=\"lazy\" decoding=\"async\" width=\"1024\" height=\"768\" data-id=\"533\" src=\"http:\/\/centredesfeuillesvives.fr\/wp-content\/uploads\/2023\/10\/IMG-20230401-WA0003-1024x768.jpg\" alt=\"\" class=\"wp-image-533\" srcset=\"https:\/\/centredesfeuillesvives.fr\/wp-content\/uploads\/2023\/10\/IMG-20230401-WA0003-1024x768.jpg 1024w, https:\/\/centredesfeuillesvives.fr\/wp-content\/uploads\/2023\/10\/IMG-20230401-WA0003-300x225.jpg 300w, https:\/\/centredesfeuillesvives.fr\/wp-content\/uploads\/2023\/10\/IMG-20230401-WA0003-768x576.jpg 768w, https:\/\/centredesfeuillesvives.fr\/wp-content\/uploads\/2023\/10\/IMG-20230401-WA0003-1536x1152.jpg 1536w, https:\/\/centredesfeuillesvives.fr\/wp-content\/uploads\/2023\/10\/IMG-20230401-WA0003-320x240.jpg 320w, https:\/\/centredesfeuillesvives.fr\/wp-content\/uploads\/2023\/10\/IMG-20230401-WA0003-480x360.jpg 480w, https:\/\/centredesfeuillesvives.fr\/wp-content\/uploads\/2023\/10\/IMG-20230401-WA0003-800x600.jpg 800w, https:\/\/centredesfeuillesvives.fr\/wp-content\/uploads\/2023\/10\/IMG-20230401-WA0003.jpg 1600w\" sizes=\"auto, (max-width: 1024px) 100vw, 1024px\" \/><\/figure>\n\n\n\n<figure class=\"wp-block-image size-large\"><img loading=\"lazy\" decoding=\"async\" width=\"1024\" height=\"768\" data-id=\"532\" src=\"http:\/\/centredesfeuillesvives.fr\/wp-content\/uploads\/2023\/10\/IMG-20230401-WA0005-1-1024x768.jpg\" alt=\"\" class=\"wp-image-532\" srcset=\"https:\/\/centredesfeuillesvives.fr\/wp-content\/uploads\/2023\/10\/IMG-20230401-WA0005-1-1024x768.jpg 1024w, https:\/\/centredesfeuillesvives.fr\/wp-content\/uploads\/2023\/10\/IMG-20230401-WA0005-1-300x225.jpg 300w, https:\/\/centredesfeuillesvives.fr\/wp-content\/uploads\/2023\/10\/IMG-20230401-WA0005-1-768x576.jpg 768w, https:\/\/centredesfeuillesvives.fr\/wp-content\/uploads\/2023\/10\/IMG-20230401-WA0005-1-1536x1152.jpg 1536w, https:\/\/centredesfeuillesvives.fr\/wp-content\/uploads\/2023\/10\/IMG-20230401-WA0005-1-320x240.jpg 320w, https:\/\/centredesfeuillesvives.fr\/wp-content\/uploads\/2023\/10\/IMG-20230401-WA0005-1-480x360.jpg 480w, https:\/\/centredesfeuillesvives.fr\/wp-content\/uploads\/2023\/10\/IMG-20230401-WA0005-1-800x600.jpg 800w, https:\/\/centredesfeuillesvives.fr\/wp-content\/uploads\/2023\/10\/IMG-20230401-WA0005-1.jpg 1600w\" sizes=\"auto, (max-width: 1024px) 100vw, 1024px\" \/><\/figure>\n<\/figure>\n","protected":false},"excerpt":{"rendered":"<p>CYCLE 1 \u00c0 4 ans, votre enfant est d\u00e9j\u00e0 un habitu\u00e9 de l\u2019\u00e9cole maternelle ! La moyenne section est souvent l&#8217;ann\u00e9e des premi\u00e8res vraies amiti\u00e9s. Et bien s\u00fbr de l&#8217;acquisition de nouvelles comp\u00e9tences.<\/p>\n","protected":false},"author":1,"featured_media":0,"parent":0,"menu_order":0,"comment_status":"closed","ping_status":"closed","template":"","meta":{"footnotes":""},"class_list":["post-247","page","type-page","status-publish","hentry"],"_links":{"self":[{"href":"https:\/\/centredesfeuillesvives.fr\/index.php\/wp-json\/wp\/v2\/pages\/247","targetHints":{"allow":["GET"]}}],"collection":[{"href":"https:\/\/centredesfeuillesvives.fr\/index.php\/wp-json\/wp\/v2\/pages"}],"about":[{"href":"https:\/\/centredesfeuillesvives.fr\/index.php\/wp-json\/wp\/v2\/types\/page"}],"author":[{"embeddable":true,"href":"https:\/\/centredesfeuillesvives.fr\/index.php\/wp-json\/wp\/v2\/users\/1"}],"replies":[{"embeddable":true,"href":"https:\/\/centredesfeuillesvives.fr\/index.php\/wp-json\/wp\/v2\/comments?post=247"}],"version-history":[{"count":4,"href":"https:\/\/centredesfeuillesvives.fr\/index.php\/wp-json\/wp\/v2\/pages\/247\/revisions"}],"predecessor-version":[{"id":534,"href":"https:\/\/centredesfeuillesvives.fr\/index.php\/wp-json\/wp\/v2\/pages\/247\/revisions\/534"}],"wp:attachment":[{"href":"https:\/\/centredesfeuillesvives.fr\/index.php\/wp-json\/wp\/v2\/media?parent=247"}],"curies":[{"name":"wp","href":"https:\/\/api.w.org\/{rel}","templated":true}]}}

<h1 class="wp-block-heading"><mark style="background-color:rgba(0, 0, 0, 0)" class="has-inline-color has-raft-accent-color">CYCLE 1</mark>      </h1>



<p>À 4 ans, votre enfant est déjà un habitué de l’école maternelle ! La moyenne section est souvent l&#8217;année des premières vraies amitiés. Et bien sûr de l&#8217;acquisition de nouvelles compétences.</p>



<figure class="wp-block-image size-large is-resized"><img loading="lazy" decoding="async" src="http://centredesfeuillesvives.fr/wp-content/uploads/2023/10/classe-MS-2-1024x768.jpg" alt="" class="wp-image-314" style="width:740px;height:555px" width="740" height="555" srcset="https://centredesfeuillesvives.fr/wp-content/uploads/2023/10/classe-MS-2-1024x768.jpg 1024w, https://centredesfeuillesvives.fr/wp-content/uploads/2023/10/classe-MS-2-300x225.jpg 300w, https://centredesfeuillesvives.fr/wp-content/uploads/2023/10/classe-MS-2-768x576.jpg 768w, https://centredesfeuillesvives.fr/wp-content/uploads/2023/10/classe-MS-2-1536x1152.jpg 1536w, https://centredesfeuillesvives.fr/wp-content/uploads/2023/10/classe-MS-2-2048x1536.jpg 2048w, https://centredesfeuillesvives.fr/wp-content/uploads/2023/10/classe-MS-2-320x240.jpg 320w, https://centredesfeuillesvives.fr/wp-content/uploads/2023/10/classe-MS-2-480x360.jpg 480w, https://centredesfeuillesvives.fr/wp-content/uploads/2023/10/classe-MS-2-800x600.jpg 800w" sizes="auto, (max-width: 740px) 100vw, 740px" /></figure>



<p></p>



<figure class="wp-block-gallery has-nested-images columns-default is-cropped wp-block-gallery-1 is-layout-flex wp-block-gallery-is-layout-flex">
<figure class="wp-block-image size-large"><img loading="lazy" decoding="async" width="1024" height="568" data-id="530" src="http://centredesfeuillesvives.fr/wp-content/uploads/2023/10/IMG-20230401-WA0001-1024x568.jpg" alt="" class="wp-image-530" srcset="https://centredesfeuillesvives.fr/wp-content/uploads/2023/10/IMG-20230401-WA0001-1024x568.jpg 1024w, https://centredesfeuillesvives.fr/wp-content/uploads/2023/10/IMG-20230401-WA0001-300x166.jpg 300w, https://centredesfeuillesvives.fr/wp-content/uploads/2023/10/IMG-20230401-WA0001-768x426.jpg 768w, https://centredesfeuillesvives.fr/wp-content/uploads/2023/10/IMG-20230401-WA0001-1536x852.jpg 1536w, https://centredesfeuillesvives.fr/wp-content/uploads/2023/10/IMG-20230401-WA0001-320x177.jpg 320w, https://centredesfeuillesvives.fr/wp-content/uploads/2023/10/IMG-20230401-WA0001-480x266.jpg 480w, https://centredesfeuillesvives.fr/wp-content/uploads/2023/10/IMG-20230401-WA0001-800x444.jpg 800w, https://centredesfeuillesvives.fr/wp-content/uploads/2023/10/IMG-20230401-WA0001.jpg 1600w" sizes="auto, (max-width: 1024px) 100vw, 1024px" /></figure>



<figure class="wp-block-image size-large"><img loading="lazy" decoding="async" width="768" height="1024" data-id="531" src="http://centredesfeuillesvives.fr/wp-content/uploads/2023/10/IMG-20230401-WA0002-768x1024.jpg" alt="" class="wp-image-531" srcset="https://centredesfeuillesvives.fr/wp-content/uploads/2023/10/IMG-20230401-WA0002-768x1024.jpg 768w, https://centredesfeuillesvives.fr/wp-content/uploads/2023/10/IMG-20230401-WA0002-225x300.jpg 225w, https://centredesfeuillesvives.fr/wp-content/uploads/2023/10/IMG-20230401-WA0002-1152x1536.jpg 1152w, https://centredesfeuillesvives.fr/wp-content/uploads/2023/10/IMG-20230401-WA0002-320x427.jpg 320w, https://centredesfeuillesvives.fr/wp-content/uploads/2023/10/IMG-20230401-WA0002-480x640.jpg 480w, https://centredesfeuillesvives.fr/wp-content/uploads/2023/10/IMG-20230401-WA0002-800x1067.jpg 800w, https://centredesfeuillesvives.fr/wp-content/uploads/2023/10/IMG-20230401-WA0002.jpg 1200w" sizes="auto, (max-width: 768px) 100vw, 768px" /></figure>



<figure class="wp-block-image size-large"><img loading="lazy" decoding="async" width="1024" height="768" data-id="533" src="http://centredesfeuillesvives.fr/wp-content/uploads/2023/10/IMG-20230401-WA0003-1024x768.jpg" alt="" class="wp-image-533" srcset="https://centredesfeuillesvives.fr/wp-content/uploads/2023/10/IMG-20230401-WA0003-1024x768.jpg 1024w, https://centredesfeuillesvives.fr/wp-content/uploads/2023/10/IMG-20230401-WA0003-300x225.jpg 300w, https://centredesfeuillesvives.fr/wp-content/uploads/2023/10/IMG-20230401-WA0003-768x576.jpg 768w, https://centredesfeuillesvives.fr/wp-content/uploads/2023/10/IMG-20230401-WA0003-1536x1152.jpg 1536w, https://centredesfeuillesvives.fr/wp-content/uploads/2023/10/IMG-20230401-WA0003-320x240.jpg 320w, https://centredesfeuillesvives.fr/wp-content/uploads/2023/10/IMG-20230401-WA0003-480x360.jpg 480w, https://centredesfeuillesvives.fr/wp-content/uploads/2023/10/IMG-20230401-WA0003-800x600.jpg 800w, https://centredesfeuillesvives.fr/wp-content/uploads/2023/10/IMG-20230401-WA0003.jpg 1600w" sizes="auto, (max-width: 1024px) 100vw, 1024px" /></figure>



<figure class="wp-block-image size-large"><img loading="lazy" decoding="async" width="1024" height="768" data-id="532" src="http://centredesfeuillesvives.fr/wp-content/uploads/2023/10/IMG-20230401-WA0005-1-1024x768.jpg" alt="" class="wp-image-532" srcset="https://centredesfeuillesvives.fr/wp-content/uploads/2023/10/IMG-20230401-WA0005-1-1024x768.jpg 1024w, https://centredesfeuillesvives.fr/wp-content/uploads/2023/10/IMG-20230401-WA0005-1-300x225.jpg 300w, https://centredesfeuillesvives.fr/wp-content/uploads/2023/10/IMG-20230401-WA0005-1-768x576.jpg 768w, https://centredesfeuillesvives.fr/wp-content/uploads/2023/10/IMG-20230401-WA0005-1-1536x1152.jpg 1536w, https://centredesfeuillesvives.fr/wp-content/uploads/2023/10/IMG-20230401-WA0005-1-320x240.jpg 320w, https://centredesfeuillesvives.fr/wp-content/uploads/2023/10/IMG-20230401-WA0005-1-480x360.jpg 480w, https://centredesfeuillesvives.fr/wp-content/uploads/2023/10/IMG-20230401-WA0005-1-800x600.jpg 800w, https://centredesfeuillesvives.fr/wp-content/uploads/2023/10/IMG-20230401-WA0005-1.jpg 1600w" sizes="auto, (max-width: 1024px) 100vw, 1024px" /></figure>
</figure>

<p>CYCLE 1 À 4 ans, votre enfant est déjà un habitué de l’école maternelle ! La moyenne section est souvent l&#8217;année des premières vraies amitiés. Et bien sûr de l&#8217;acquisition de nouvelles compétences.</p>
