{"id":249,"date":"2023-10-03T17:50:30","date_gmt":"2023-10-03T15:50:30","guid":{"rendered":"http:\/\/centredesfeuillesvives.fr\/?page_id=249"},"modified":"2023-10-09T13:43:56","modified_gmt":"2023-10-09T11:43:56","slug":"la-grande-section","status":"publish","type":"page","link":"https:\/\/centredesfeuillesvives.fr\/index.php\/la-grande-section\/","title":{"rendered":"La grande section"},"content":{"rendered":"\n<h1 class=\"wp-block-heading\"><mark style=\"background-color:rgba(0, 0, 0, 0)\" class=\"has-inline-color has-raft-accent-color\">CYCLE 1<\/mark>      <\/h1>\n\n\n\n<p>La grande section est une classe charni\u00e8re : derni\u00e8re ann\u00e9e de l\u2019\u00e9cole maternelle, c\u2019est aussi la porte d\u2019entr\u00e9e vers la \u00ab grande \u00e9cole \u00bb et ses apprentissages fondamentaux : lire, \u00e9crire, compter et respecter autrui.<\/p>\n\n\n\n<figure class=\"wp-block-image size-large\"><img loading=\"lazy\" decoding=\"async\" width=\"1024\" height=\"768\" src=\"http:\/\/centredesfeuillesvives.fr\/wp-content\/uploads\/2023\/10\/classe-GS-2-1024x768.jpg\" alt=\"\" class=\"wp-image-316\" srcset=\"https:\/\/centredesfeuillesvives.fr\/wp-content\/uploads\/2023\/10\/classe-GS-2-1024x768.jpg 1024w, https:\/\/centredesfeuillesvives.fr\/wp-content\/uploads\/2023\/10\/classe-GS-2-300x225.jpg 300w, https:\/\/centredesfeuillesvives.fr\/wp-content\/uploads\/2023\/10\/classe-GS-2-768x576.jpg 768w, https:\/\/centredesfeuillesvives.fr\/wp-content\/uploads\/2023\/10\/classe-GS-2-1536x1152.jpg 1536w, https:\/\/centredesfeuillesvives.fr\/wp-content\/uploads\/2023\/10\/classe-GS-2-2048x1536.jpg 2048w, https:\/\/centredesfeuillesvives.fr\/wp-content\/uploads\/2023\/10\/classe-GS-2-320x240.jpg 320w, https:\/\/centredesfeuillesvives.fr\/wp-content\/uploads\/2023\/10\/classe-GS-2-480x360.jpg 480w, https:\/\/centredesfeuillesvives.fr\/wp-content\/uploads\/2023\/10\/classe-GS-2-800x600.jpg 800w\" sizes=\"auto, (max-width: 1024px) 100vw, 1024px\" \/><\/figure>\n\n\n\n<figure class=\"wp-block-gallery has-nested-images columns-default is-cropped wp-block-gallery-1 is-layout-flex wp-block-gallery-is-layout-flex\">\n<figure class=\"wp-block-image size-large\"><img loading=\"lazy\" decoding=\"async\" width=\"1024\" height=\"768\" data-id=\"537\" src=\"http:\/\/centredesfeuillesvives.fr\/wp-content\/uploads\/2023\/10\/IMG-20230901-WA0009.jpg\" alt=\"\" class=\"wp-image-537\" srcset=\"https:\/\/centredesfeuillesvives.fr\/wp-content\/uploads\/2023\/10\/IMG-20230901-WA0009.jpg 1024w, https:\/\/centredesfeuillesvives.fr\/wp-content\/uploads\/2023\/10\/IMG-20230901-WA0009-300x225.jpg 300w, https:\/\/centredesfeuillesvives.fr\/wp-content\/uploads\/2023\/10\/IMG-20230901-WA0009-768x576.jpg 768w, https:\/\/centredesfeuillesvives.fr\/wp-content\/uploads\/2023\/10\/IMG-20230901-WA0009-320x240.jpg 320w, https:\/\/centredesfeuillesvives.fr\/wp-content\/uploads\/2023\/10\/IMG-20230901-WA0009-480x360.jpg 480w, https:\/\/centredesfeuillesvives.fr\/wp-content\/uploads\/2023\/10\/IMG-20230901-WA0009-800x600.jpg 800w\" sizes=\"auto, (max-width: 1024px) 100vw, 1024px\" \/><\/figure>\n\n\n\n<figure class=\"wp-block-image size-large\"><img loading=\"lazy\" decoding=\"async\" width=\"768\" height=\"1024\" data-id=\"539\" src=\"http:\/\/centredesfeuillesvives.fr\/wp-content\/uploads\/2023\/10\/IMG-20230901-WA0010.jpg\" alt=\"\" class=\"wp-image-539\" srcset=\"https:\/\/centredesfeuillesvives.fr\/wp-content\/uploads\/2023\/10\/IMG-20230901-WA0010.jpg 768w, https:\/\/centredesfeuillesvives.fr\/wp-content\/uploads\/2023\/10\/IMG-20230901-WA0010-225x300.jpg 225w, https:\/\/centredesfeuillesvives.fr\/wp-content\/uploads\/2023\/10\/IMG-20230901-WA0010-320x427.jpg 320w, https:\/\/centredesfeuillesvives.fr\/wp-content\/uploads\/2023\/10\/IMG-20230901-WA0010-480x640.jpg 480w\" sizes=\"auto, (max-width: 768px) 100vw, 768px\" \/><\/figure>\n\n\n\n<figure class=\"wp-block-image size-large\"><img loading=\"lazy\" decoding=\"async\" width=\"576\" height=\"1024\" data-id=\"540\" src=\"http:\/\/centredesfeuillesvives.fr\/wp-content\/uploads\/2023\/10\/IMG-20230901-WA0012-576x1024.jpg\" alt=\"\" class=\"wp-image-540\" srcset=\"https:\/\/centredesfeuillesvives.fr\/wp-content\/uploads\/2023\/10\/IMG-20230901-WA0012-576x1024.jpg 576w, https:\/\/centredesfeuillesvives.fr\/wp-content\/uploads\/2023\/10\/IMG-20230901-WA0012-169x300.jpg 169w, https:\/\/centredesfeuillesvives.fr\/wp-content\/uploads\/2023\/10\/IMG-20230901-WA0012-768x1365.jpg 768w, https:\/\/centredesfeuillesvives.fr\/wp-content\/uploads\/2023\/10\/IMG-20230901-WA0012-864x1536.jpg 864w, https:\/\/centredesfeuillesvives.fr\/wp-content\/uploads\/2023\/10\/IMG-20230901-WA0012-320x569.jpg 320w, https:\/\/centredesfeuillesvives.fr\/wp-content\/uploads\/2023\/10\/IMG-20230901-WA0012-480x853.jpg 480w, https:\/\/centredesfeuillesvives.fr\/wp-content\/uploads\/2023\/10\/IMG-20230901-WA0012-800x1422.jpg 800w, https:\/\/centredesfeuillesvives.fr\/wp-content\/uploads\/2023\/10\/IMG-20230901-WA0012.jpg 1152w\" sizes=\"auto, (max-width: 576px) 100vw, 576px\" \/><\/figure>\n\n\n\n<figure class=\"wp-block-image size-large\"><img loading=\"lazy\" decoding=\"async\" width=\"1024\" height=\"576\" data-id=\"535\" src=\"http:\/\/centredesfeuillesvives.fr\/wp-content\/uploads\/2023\/10\/IMG-20230901-WA0013-1024x576.jpg\" alt=\"\" class=\"wp-image-535\" srcset=\"https:\/\/centredesfeuillesvives.fr\/wp-content\/uploads\/2023\/10\/IMG-20230901-WA0013-1024x576.jpg 1024w, https:\/\/centredesfeuillesvives.fr\/wp-content\/uploads\/2023\/10\/IMG-20230901-WA0013-300x169.jpg 300w, https:\/\/centredesfeuillesvives.fr\/wp-content\/uploads\/2023\/10\/IMG-20230901-WA0013-768x432.jpg 768w, https:\/\/centredesfeuillesvives.fr\/wp-content\/uploads\/2023\/10\/IMG-20230901-WA0013-1536x864.jpg 1536w, https:\/\/centredesfeuillesvives.fr\/wp-content\/uploads\/2023\/10\/IMG-20230901-WA0013-320x180.jpg 320w, https:\/\/centredesfeuillesvives.fr\/wp-content\/uploads\/2023\/10\/IMG-20230901-WA0013-480x270.jpg 480w, https:\/\/centredesfeuillesvives.fr\/wp-content\/uploads\/2023\/10\/IMG-20230901-WA0013-800x450.jpg 800w, https:\/\/centredesfeuillesvives.fr\/wp-content\/uploads\/2023\/10\/IMG-20230901-WA0013.jpg 2048w\" sizes=\"auto, (max-width: 1024px) 100vw, 1024px\" \/><\/figure>\n\n\n\n<figure class=\"wp-block-image size-large\"><img loading=\"lazy\" decoding=\"async\" width=\"1024\" height=\"768\" data-id=\"536\" src=\"http:\/\/centredesfeuillesvives.fr\/wp-content\/uploads\/2023\/10\/IMG-20230902-WA0007-1-1024x768.jpg\" alt=\"\" class=\"wp-image-536\" srcset=\"https:\/\/centredesfeuillesvives.fr\/wp-content\/uploads\/2023\/10\/IMG-20230902-WA0007-1-1024x768.jpg 1024w, https:\/\/centredesfeuillesvives.fr\/wp-content\/uploads\/2023\/10\/IMG-20230902-WA0007-1-300x225.jpg 300w, https:\/\/centredesfeuillesvives.fr\/wp-content\/uploads\/2023\/10\/IMG-20230902-WA0007-1-768x576.jpg 768w, https:\/\/centredesfeuillesvives.fr\/wp-content\/uploads\/2023\/10\/IMG-20230902-WA0007-1-1536x1152.jpg 1536w, https:\/\/centredesfeuillesvives.fr\/wp-content\/uploads\/2023\/10\/IMG-20230902-WA0007-1-320x240.jpg 320w, https:\/\/centredesfeuillesvives.fr\/wp-content\/uploads\/2023\/10\/IMG-20230902-WA0007-1-480x360.jpg 480w, https:\/\/centredesfeuillesvives.fr\/wp-content\/uploads\/2023\/10\/IMG-20230902-WA0007-1-800x600.jpg 800w, https:\/\/centredesfeuillesvives.fr\/wp-content\/uploads\/2023\/10\/IMG-20230902-WA0007-1.jpg 2048w\" sizes=\"auto, (max-width: 1024px) 100vw, 1024px\" \/><\/figure>\n\n\n\n<figure class=\"wp-block-image size-large\"><img loading=\"lazy\" decoding=\"async\" width=\"719\" height=\"869\" data-id=\"538\" src=\"http:\/\/centredesfeuillesvives.fr\/wp-content\/uploads\/2023\/10\/IMG-20230902-WA0013.jpg\" alt=\"\" class=\"wp-image-538\" srcset=\"https:\/\/centredesfeuillesvives.fr\/wp-content\/uploads\/2023\/10\/IMG-20230902-WA0013.jpg 719w, https:\/\/centredesfeuillesvives.fr\/wp-content\/uploads\/2023\/10\/IMG-20230902-WA0013-248x300.jpg 248w, https:\/\/centredesfeuillesvives.fr\/wp-content\/uploads\/2023\/10\/IMG-20230902-WA0013-320x387.jpg 320w, https:\/\/centredesfeuillesvives.fr\/wp-content\/uploads\/2023\/10\/IMG-20230902-WA0013-480x580.jpg 480w\" sizes=\"auto, (max-width: 719px) 100vw, 719px\" \/><\/figure>\n<\/figure>\n","protected":false},"excerpt":{"rendered":"<p>CYCLE 1 La grande section est une classe charni\u00e8re : derni\u00e8re ann\u00e9e de l\u2019\u00e9cole maternelle, c\u2019est aussi la porte d\u2019entr\u00e9e vers la \u00ab grande \u00e9cole \u00bb et ses apprentissages fondamentaux : lire, \u00e9crire, compter et respecter autrui.<\/p>\n","protected":false},"author":1,"featured_media":0,"parent":0,"menu_order":0,"comment_status":"closed","ping_status":"closed","template":"","meta":{"footnotes":""},"class_list":["post-249","page","type-page","status-publish","hentry"],"_links":{"self":[{"href":"https:\/\/centredesfeuillesvives.fr\/index.php\/wp-json\/wp\/v2\/pages\/249","targetHints":{"allow":["GET"]}}],"collection":[{"href":"https:\/\/centredesfeuillesvives.fr\/index.php\/wp-json\/wp\/v2\/pages"}],"about":[{"href":"https:\/\/centredesfeuillesvives.fr\/index.php\/wp-json\/wp\/v2\/types\/page"}],"author":[{"embeddable":true,"href":"https:\/\/centredesfeuillesvives.fr\/index.php\/wp-json\/wp\/v2\/users\/1"}],"replies":[{"embeddable":true,"href":"https:\/\/centredesfeuillesvives.fr\/index.php\/wp-json\/wp\/v2\/comments?post=249"}],"version-history":[{"count":4,"href":"https:\/\/centredesfeuillesvives.fr\/index.php\/wp-json\/wp\/v2\/pages\/249\/revisions"}],"predecessor-version":[{"id":541,"href":"https:\/\/centredesfeuillesvives.fr\/index.php\/wp-json\/wp\/v2\/pages\/249\/revisions\/541"}],"wp:attachment":[{"href":"https:\/\/centredesfeuillesvives.fr\/index.php\/wp-json\/wp\/v2\/media?parent=249"}],"curies":[{"name":"wp","href":"https:\/\/api.w.org\/{rel}","templated":true}]}}