{"id":255,"date":"2023-10-03T17:51:38","date_gmt":"2023-10-03T15:51:38","guid":{"rendered":"http:\/\/centredesfeuillesvives.fr\/?page_id=255"},"modified":"2023-10-08T10:29:07","modified_gmt":"2023-10-08T08:29:07","slug":"la-ce1","status":"publish","type":"page","link":"https:\/\/centredesfeuillesvives.fr\/index.php\/la-ce1\/","title":{"rendered":"Le CE1"},"content":{"rendered":"\n<h4 class=\"wp-block-heading\"><\/h4>\n\n\n\n<div class=\"wp-block-columns is-layout-flex wp-container-core-columns-is-layout-28f84493 wp-block-columns-is-layout-flex\">\n<div class=\"wp-block-column is-layout-flow wp-block-column-is-layout-flow\" style=\"flex-basis:33.33%\">\n<h1 class=\"wp-block-heading\"><mark style=\"background-color:rgba(0, 0, 0, 0)\" class=\"has-inline-color has-raft-accent-color\">CYCLE 2<\/mark><\/h1>\n<\/div>\n\n\n\n<div class=\"wp-block-column is-layout-flow wp-block-column-is-layout-flow\" style=\"flex-basis:66.66%\">\n<p>Le CE1 appartient au cycle 2, le cycle des apprentissages fondamentaux. Ce cycle couvre le CP, le CE1 et le CE2. Ses enjeux essentiels sont l\u2019apprentissage de la lecture, de l\u2019\u00e9criture et de la langue fran\u00e7aise, la connaissance et la compr\u00e9hension des nombres, de leur \u00e9criture chiffr\u00e9e et le calcul sur de petites quantit\u00e9s.<\/p>\n<\/div>\n<\/div>\n\n\n\n<figure class=\"wp-block-image size-large\"><img loading=\"lazy\" decoding=\"async\" width=\"1024\" height=\"768\" src=\"http:\/\/centredesfeuillesvives.fr\/wp-content\/uploads\/2023\/10\/classe-cp-1024x768.jpg\" alt=\"\" class=\"wp-image-322\" srcset=\"https:\/\/centredesfeuillesvives.fr\/wp-content\/uploads\/2023\/10\/classe-cp-1024x768.jpg 1024w, https:\/\/centredesfeuillesvives.fr\/wp-content\/uploads\/2023\/10\/classe-cp-300x225.jpg 300w, https:\/\/centredesfeuillesvives.fr\/wp-content\/uploads\/2023\/10\/classe-cp-768x576.jpg 768w, https:\/\/centredesfeuillesvives.fr\/wp-content\/uploads\/2023\/10\/classe-cp-1536x1152.jpg 1536w, https:\/\/centredesfeuillesvives.fr\/wp-content\/uploads\/2023\/10\/classe-cp-2048x1536.jpg 2048w, https:\/\/centredesfeuillesvives.fr\/wp-content\/uploads\/2023\/10\/classe-cp-320x240.jpg 320w, https:\/\/centredesfeuillesvives.fr\/wp-content\/uploads\/2023\/10\/classe-cp-480x360.jpg 480w, https:\/\/centredesfeuillesvives.fr\/wp-content\/uploads\/2023\/10\/classe-cp-800x600.jpg 800w\" sizes=\"auto, (max-width: 1024px) 100vw, 1024px\" \/><\/figure>\n","protected":false},"excerpt":{"rendered":"<p>CYCLE 2 Le CE1 appartient au cycle 2, le cycle des apprentissages fondamentaux. Ce cycle couvre le CP, le CE1 et le CE2. Ses enjeux essentiels sont l\u2019apprentissage de la lecture, de l\u2019\u00e9criture et de la langue fran\u00e7aise, la connaissance et la compr\u00e9hension des nombres, de leur \u00e9criture chiffr\u00e9e et le calcul sur de petites [&hellip;]<\/p>\n","protected":false},"author":1,"featured_media":0,"parent":0,"menu_order":0,"comment_status":"closed","ping_status":"closed","template":"","meta":{"footnotes":""},"class_list":["post-255","page","type-page","status-publish","hentry"],"_links":{"self":[{"href":"https:\/\/centredesfeuillesvives.fr\/index.php\/wp-json\/wp\/v2\/pages\/255","targetHints":{"allow":["GET"]}}],"collection":[{"href":"https:\/\/centredesfeuillesvives.fr\/index.php\/wp-json\/wp\/v2\/pages"}],"about":[{"href":"https:\/\/centredesfeuillesvives.fr\/index.php\/wp-json\/wp\/v2\/types\/page"}],"author":[{"embeddable":true,"href":"https:\/\/centredesfeuillesvives.fr\/index.php\/wp-json\/wp\/v2\/users\/1"}],"replies":[{"embeddable":true,"href":"https:\/\/centredesfeuillesvives.fr\/index.php\/wp-json\/wp\/v2\/comments?post=255"}],"version-history":[{"count":6,"href":"https:\/\/centredesfeuillesvives.fr\/index.php\/wp-json\/wp\/v2\/pages\/255\/revisions"}],"predecessor-version":[{"id":472,"href":"https:\/\/centredesfeuillesvives.fr\/index.php\/wp-json\/wp\/v2\/pages\/255\/revisions\/472"}],"wp:attachment":[{"href":"https:\/\/centredesfeuillesvives.fr\/index.php\/wp-json\/wp\/v2\/media?parent=255"}],"curies":[{"name":"wp","href":"https:\/\/api.w.org\/{rel}","templated":true}]}}

<h4 class="wp-block-heading"></h4>



<div class="wp-block-columns is-layout-flex wp-container-core-columns-is-layout-28f84493 wp-block-columns-is-layout-flex">
<div class="wp-block-column is-layout-flow wp-block-column-is-layout-flow" style="flex-basis:33.33%">
<h1 class="wp-block-heading"><mark style="background-color:rgba(0, 0, 0, 0)" class="has-inline-color has-raft-accent-color">CYCLE 2</mark></h1>
</div>



<div class="wp-block-column is-layout-flow wp-block-column-is-layout-flow" style="flex-basis:66.66%">
<p>Le CE1 appartient au cycle 2, le cycle des apprentissages fondamentaux. Ce cycle couvre le CP, le CE1 et le CE2. Ses enjeux essentiels sont l’apprentissage de la lecture, de l’écriture et de la langue française, la connaissance et la compréhension des nombres, de leur écriture chiffrée et le calcul sur de petites quantités.</p>
</div>
</div>



<figure class="wp-block-image size-large"><img loading="lazy" decoding="async" width="1024" height="768" src="http://centredesfeuillesvives.fr/wp-content/uploads/2023/10/classe-cp-1024x768.jpg" alt="" class="wp-image-322" srcset="https://centredesfeuillesvives.fr/wp-content/uploads/2023/10/classe-cp-1024x768.jpg 1024w, https://centredesfeuillesvives.fr/wp-content/uploads/2023/10/classe-cp-300x225.jpg 300w, https://centredesfeuillesvives.fr/wp-content/uploads/2023/10/classe-cp-768x576.jpg 768w, https://centredesfeuillesvives.fr/wp-content/uploads/2023/10/classe-cp-1536x1152.jpg 1536w, https://centredesfeuillesvives.fr/wp-content/uploads/2023/10/classe-cp-2048x1536.jpg 2048w, https://centredesfeuillesvives.fr/wp-content/uploads/2023/10/classe-cp-320x240.jpg 320w, https://centredesfeuillesvives.fr/wp-content/uploads/2023/10/classe-cp-480x360.jpg 480w, https://centredesfeuillesvives.fr/wp-content/uploads/2023/10/classe-cp-800x600.jpg 800w" sizes="auto, (max-width: 1024px) 100vw, 1024px" /></figure>

<p>CYCLE 2 Le CE1 appartient au cycle 2, le cycle des apprentissages fondamentaux. Ce cycle couvre le CP, le CE1 et le CE2. Ses enjeux essentiels sont l’apprentissage de la lecture, de l’écriture et de la langue française, la connaissance et la compréhension des nombres, de leur écriture chiffrée et le calcul sur de petites [&hellip;]</p>
