{"id":261,"date":"2023-10-03T17:53:31","date_gmt":"2023-10-03T15:53:31","guid":{"rendered":"http:\/\/centredesfeuillesvives.fr\/?page_id=261"},"modified":"2025-01-10T11:22:40","modified_gmt":"2025-01-10T10:22:40","slug":"la-cm2","status":"publish","type":"page","link":"https:\/\/centredesfeuillesvives.fr\/index.php\/la-cm2\/","title":{"rendered":"Le CM2"},"content":{"rendered":"\n<div class=\"wp-block-columns is-layout-flex wp-container-core-columns-is-layout-28f84493 wp-block-columns-is-layout-flex\">\n<div class=\"wp-block-column is-layout-flow wp-block-column-is-layout-flow\">\n<h1 class=\"wp-block-heading has-text-align-center\"><mark style=\"background-color:rgba(0, 0, 0, 0)\" class=\"has-inline-color has-raft-accent-color\">Cycle 3<\/mark> <\/h1>\n\n\n\n<h2 class=\"wp-block-heading\"><\/h2>\n\n\n\n<p><\/p>\n<\/div>\n\n\n\n<div class=\"wp-block-column is-layout-flow wp-block-column-is-layout-flow\">\n<p>Au sein du cycle 3, ou cycle de consolidation, le CM2 se situe juste avant le passage au coll\u00e8ge. Cette derni\u00e8re ann\u00e9e \u00e0 l\u2019\u00e9cole primaire constitue donc une \u00e9tape importante dans la scolarit\u00e9 de votre enfant.<\/p>\n<\/div>\n<\/div>\n\n\n\n<figure class=\"wp-block-image size-full\"><img loading=\"lazy\" decoding=\"async\" width=\"1024\" height=\"768\" src=\"http:\/\/centredesfeuillesvives.fr\/wp-content\/uploads\/2023\/10\/IMG-20230328-WA0014.jpg\" alt=\"\" class=\"wp-image-516\" srcset=\"https:\/\/centredesfeuillesvives.fr\/wp-content\/uploads\/2023\/10\/IMG-20230328-WA0014.jpg 1024w, https:\/\/centredesfeuillesvives.fr\/wp-content\/uploads\/2023\/10\/IMG-20230328-WA0014-300x225.jpg 300w, https:\/\/centredesfeuillesvives.fr\/wp-content\/uploads\/2023\/10\/IMG-20230328-WA0014-768x576.jpg 768w, https:\/\/centredesfeuillesvives.fr\/wp-content\/uploads\/2023\/10\/IMG-20230328-WA0014-320x240.jpg 320w, https:\/\/centredesfeuillesvives.fr\/wp-content\/uploads\/2023\/10\/IMG-20230328-WA0014-480x360.jpg 480w, https:\/\/centredesfeuillesvives.fr\/wp-content\/uploads\/2023\/10\/IMG-20230328-WA0014-800x600.jpg 800w\" sizes=\"auto, (max-width: 1024px) 100vw, 1024px\" \/><\/figure>\n","protected":false},"excerpt":{"rendered":"<p>Cycle 3 Au sein du cycle 3, ou cycle de consolidation, le CM2 se situe juste avant le passage au coll\u00e8ge. Cette derni\u00e8re ann\u00e9e \u00e0 l\u2019\u00e9cole primaire constitue donc une \u00e9tape importante dans la scolarit\u00e9 de votre enfant.<\/p>\n","protected":false},"author":1,"featured_media":0,"parent":0,"menu_order":0,"comment_status":"closed","ping_status":"closed","template":"","meta":{"footnotes":""},"class_list":["post-261","page","type-page","status-publish","hentry"],"_links":{"self":[{"href":"https:\/\/centredesfeuillesvives.fr\/index.php\/wp-json\/wp\/v2\/pages\/261","targetHints":{"allow":["GET"]}}],"collection":[{"href":"https:\/\/centredesfeuillesvives.fr\/index.php\/wp-json\/wp\/v2\/pages"}],"about":[{"href":"https:\/\/centredesfeuillesvives.fr\/index.php\/wp-json\/wp\/v2\/types\/page"}],"author":[{"embeddable":true,"href":"https:\/\/centredesfeuillesvives.fr\/index.php\/wp-json\/wp\/v2\/users\/1"}],"replies":[{"embeddable":true,"href":"https:\/\/centredesfeuillesvives.fr\/index.php\/wp-json\/wp\/v2\/comments?post=261"}],"version-history":[{"count":6,"href":"https:\/\/centredesfeuillesvives.fr\/index.php\/wp-json\/wp\/v2\/pages\/261\/revisions"}],"predecessor-version":[{"id":734,"href":"https:\/\/centredesfeuillesvives.fr\/index.php\/wp-json\/wp\/v2\/pages\/261\/revisions\/734"}],"wp:attachment":[{"href":"https:\/\/centredesfeuillesvives.fr\/index.php\/wp-json\/wp\/v2\/media?parent=261"}],"curies":[{"name":"wp","href":"https:\/\/api.w.org\/{rel}","templated":true}]}}

<div class="wp-block-columns is-layout-flex wp-container-core-columns-is-layout-28f84493 wp-block-columns-is-layout-flex">
<div class="wp-block-column is-layout-flow wp-block-column-is-layout-flow">
<h1 class="wp-block-heading has-text-align-center"><mark style="background-color:rgba(0, 0, 0, 0)" class="has-inline-color has-raft-accent-color">Cycle 3</mark> </h1>



<h2 class="wp-block-heading"></h2>



<p></p>
</div>



<div class="wp-block-column is-layout-flow wp-block-column-is-layout-flow">
<p>Au sein du cycle 3, ou cycle de consolidation, le CM2 se situe juste avant le passage au collège. Cette dernière année à l’école primaire constitue donc une étape importante dans la scolarité de votre enfant.</p>
</div>
</div>



<figure class="wp-block-image size-full"><img loading="lazy" decoding="async" width="1024" height="768" src="http://centredesfeuillesvives.fr/wp-content/uploads/2023/10/IMG-20230328-WA0014.jpg" alt="" class="wp-image-516" srcset="https://centredesfeuillesvives.fr/wp-content/uploads/2023/10/IMG-20230328-WA0014.jpg 1024w, https://centredesfeuillesvives.fr/wp-content/uploads/2023/10/IMG-20230328-WA0014-300x225.jpg 300w, https://centredesfeuillesvives.fr/wp-content/uploads/2023/10/IMG-20230328-WA0014-768x576.jpg 768w, https://centredesfeuillesvives.fr/wp-content/uploads/2023/10/IMG-20230328-WA0014-320x240.jpg 320w, https://centredesfeuillesvives.fr/wp-content/uploads/2023/10/IMG-20230328-WA0014-480x360.jpg 480w, https://centredesfeuillesvives.fr/wp-content/uploads/2023/10/IMG-20230328-WA0014-800x600.jpg 800w" sizes="auto, (max-width: 1024px) 100vw, 1024px" /></figure>

<p>Cycle 3 Au sein du cycle 3, ou cycle de consolidation, le CM2 se situe juste avant le passage au collège. Cette dernière année à l’école primaire constitue donc une étape importante dans la scolarité de votre enfant.</p>
